2 + 2*h + 281*h**3 + 222*h**3 - 1 + 97*h**2. Suppose -3*a - 5 = -8*a - 5*m, -4*a + 2*m + 4 = 0. Is i(a) prime?
True
Suppose 295815 = 108*n - 2434899 - 3146106. Is n a composite number?
True
Suppose 123418 + 97217 = 9*x. Let y = x - 9166. Is y a prime number?
True
Suppose -5*f + 482135 = -4*v, -3*f + 289278 = -22*v + 19*v. Is f composite?
False
Let l(i) be the second derivative of 25*i**3/2 + 17*i**2/2 - 13*i. Is l(6) composite?
False
Suppose 27*f = -45*f - 49*f + 11693803. Is f a prime number?
True
Let u = 588 + 1849. Is u prime?
True
Let c be 16/(-4) - (5107 - 1). Let w be c/(-56) + 2/(-8). Let s = 186 - w. Is s a composite number?
True
Let u be -2 + (-17)/(-7) - 20/(-35). Let r be (88/(-12)*u)/((-2)/3). Let s = 135 + r. Is s composite?
True
Let u(i) = 482*i**2 + 361*i + 70. Is u(41) a prime number?
False
Suppose 0 = 5*b - 56 - 19. Let d(p) = b - 19 + 13*p + 7. Is d(16) a prime number?
True
Suppose x + 2 = 2*x. Let n be x/4*-1*0. Suppose h + 5*c = 1284, -3*h + 3752 = -n*h - 5*c. Is h a prime number?
True
Suppose -k = 3*s + 126, 208 = -5*s - 7*k + 6*k. Let c(t) = t**2 - 3*t + 139. Is c(s) prime?
False
Suppose -6*n + 13 = 1. Let x(a) = 4829*a + 1. Is x(n) prime?
False
Suppose s - 5*s + 4 = 4*z, -s = -3*z - 21. Is (-17552)/(-6) + 16/s + -1 a composite number?
False
Suppose -5*c = 5*p + 32 - 102, 0 = -p + 2*c + 2. Suppose 0 = -p*x + 21264 + 32406. Is x prime?
False
Is ((-328223)/5)/((-50)/250) prime?
False
Let p = -1345 - -795. Let r = p - -1199. Is r a composite number?
True
Suppose -f + 3 = -0*f, -t + 337 = -4*f. Suppose 38 = g + 98. Let w = t - g. Is w prime?
True
Suppose 10*s - 15 = 5*s. Suppose -s*q = 13*q - 85296. Is q a composite number?
True
Let l(h) = -90*h**2 - 23. Let d(k) = -271*k**2 + k - 69. Let a(r) = 2*d(r) - 7*l(r). Let o be a(6). Suppose -o = -8*y - 43. Is y a prime number?
False
Let t = -28 - -32. Let d be (-1 - 1123)*t/(-8). Suppose 0 = 19*v - 20*v + d. Is v a composite number?
True
Suppose 341*m - 337*m = 16080. Suppose a = -2*z - 2818 + 10913, z = 5*a + m. Is z composite?
True
Let r be 60/12 + -1 + 618. Let v = r + 229. Is v composite?
True
Let d(i) = -i**2 + 11*i + 2. Let g be d(11). Suppose -g*z - 423 = -925. Is z composite?
False
Let s = -91 - -100. Let q(c) = 7*c**3 + 15*c**2 + 14*c + 25. Is q(s) composite?
False
Let x(o) be the first derivative of 7*o**3/3 - 15*o**2/2 + 23*o + 1. Let v = 253 - 247. Is x(v) a composite number?
True
Suppose -c - 5 = 0, 0 = -88*w + 86*w + 3*c + 3438821. Is w composite?
True
Let t(r) = 4298*r - 961. Is t(19) a prime number?
True
Suppose -7*u = -2*u + 70. Let t be (-7)/(u/16)*(-2)/(-4). Suppose m = -m - 4, 294 = t*l - 5*m. Is l composite?
False
Let v(g) = -3*g**2 + 2*g + 6. Let c be v(8). Let u = -164 - c. Is u composite?
True
Let i(w) = w**3 + 31*w**2 + 19*w + 83. Let v be i(-26). Let g = v - 1708. Is g prime?
False
Suppose 0 = -2*x + n + 6309, -x - 5*n = x - 6315. Let m = 4432 - x. Is m a composite number?
False
Suppose 2887434 = 20*m + 42*m - 8*m. Is m a prime number?
False
Let g(s) be the third derivative of 3*s**4/4 - 13*s**3/6 + 520*s**2. Suppose -3*r + 24 = -21. Is g(r) composite?
False
Let v = 30 - 25. Suppose 0*k - 4*u - 29 = -3*k, v*u = -25. Suppose y - 5593 = -4*h, -k*h + 2*h = 3*y - 1412. Is h a composite number?
True
Is 351/(-156)*(-16)/(-6) - -29123 composite?
True
Let c(o) = -263*o**3 + o**2 - 7*o - 2. Let t be c(-3). Let z = -4310 + t. Is z composite?
False
Let b = -87 + 149. Let u = b + -59. Suppose -u*a + 298 = -2603. Is a a prime number?
True
Let c = 2 - 23. Let v be 14/c - (-16)/6. Suppose -v*x - 6 = 0, -4*l - 4*x + 122 + 1422 = 0. Is l a composite number?
False
Suppose 16*d = 9 + 39. Suppose 0*p = 4*n + d*p - 644, 0 = -5*p. Suppose -n - 166 = -j. Is j a composite number?
True
Suppose 0 = -0*q - q + 138295. Suppose -2*x = -19*x + q. Is x a composite number?
True
Suppose -4*b + f + 171251 = 0, -17*f = -16*f - 1. Is (-2)/(-5) + b/5 composite?
False
Suppose 24 = -3*l, -4*z - 5*l = -l - 496652. Is z prime?
True
Let d(p) = -p - 39. Let q(w) = -28 - 5 - 6. Let v(y) = 5*d(y) - 6*q(y). Is v(-19) a prime number?
False
Let b = 28 - 21. Suppose -b*r + 41 - 6 = 0. Suppose c + c + 4263 = r*n, -3*n = 5*c - 2533. Is n prime?
False
Let v be (-18882596)/(-174) - 4/6. Suppose -4*p + 3*g + 86821 = 0, v = 5*p - 19*g + 14*g. Is p composite?
True
Suppose -2*j = 3*t - 15, 4*t + 0*t = 2*j + 6. Let q be (-6 - -4) + t - -4. Suppose 3*a - 8109 = -q*v, -2*v + 2*a + 1627 = -v. Is v a prime number?
False
Let h(q) = -25724*q + 166. Let g be h(-5). Suppose -10*n - 32916 = -g. Is n composite?
False
Suppose -4*i - 44 = 10*h - 5*h, -8 = 4*i - 4*h. Let k(c) = c**2 + 9*c + 19. Let v be k(i). Is -699*((-5)/(-15))/(v/(-3)) a composite number?
True
Let g = -21 + 25. Let z = 89 + 171. Suppose g*p - z = 56. Is p a composite number?
False
Suppose 52131 = 2*j - 4507. Is j a prime number?
True
Suppose -2*c - 29*i = -24*i - 142098, c - 71043 = -4*i. Is c a prime number?
True
Let m(l) = -l**3 + 6*l**2 - 4*l + 38. Let s be m(6). Suppose -4*t + s*t = 14810. Is t a prime number?
True
Let j(x) = 145*x + 42. Suppose 0 = -4*m - 4 - 24. Let s be (-98)/m - (-2 - -5). Is j(s) composite?
False
Let u(y) = 4737*y**2 + 2*y - 2. Let n be u(-2). Suppose 21137 = 3*a - 5*i, 3*i = -5*a + 16241 + n. Is a prime?
True
Let o(n) = -n**3 - 5*n**2 + 6*n + 17. Let h = 52 - 49. Suppose -2*r + 3*f - 32 = 0, 3*r - h*f + 4 + 38 = 0. Is o(r) prime?
True
Is ((3 + 26)/(2/1366))/1 a prime number?
False
Is 3/((-9)/(-15))*(-154)/385 + 230503 prime?
True
Suppose -6*b - 5*b - 77 = 0. Let w(n) = -5*n - 37. Let f be w(b). Is f/(-5) - (-12115)/25 a prime number?
False
Is (-4)/22 + (-11786464)/(-44) + -3 a composite number?
True
Let b(z) = -5465*z**2 + 25*z + 1. Let p(i) = -2732*i**2 + 13*i. Let j(x) = -3*b(x) + 5*p(x). Is j(-2) a prime number?
True
Suppose i = 2*w + 703 + 2292, -w = -3*i + 9010. Let t = 4660 - i. Is t prime?
False
Let r(t) = 11699*t**2 + 7*t + 11. Let a be r(-4). Suppose 4*u - 534801 - a = 0. Is -1 + (-8)/(-6) + u/117 a composite number?
False
Let b = 191 + -193. Is ((-21309)/(-6))/(7/b - -4) a composite number?
False
Let d(n) = 36*n - 89. Suppose 39*t - 198 = 21*t. Is d(t) a composite number?
False
Let b = 8445 - -39536. Is b composite?
False
Let g(r) = 854*r**3 + 3*r**2 + 25*r - 47. Is g(5) a composite number?
False
Suppose -5*d + 2*l = -247097, 35*d + 3*l = 30*d + 247067. Is d prime?
True
Let a(g) = 5*g**3 + 13*g**2 + 11*g - 13. Let h(u) = -u**3 - u. Let z(b) = a(b) + 4*h(b). Is z(-8) a composite number?
False
Let n be (-30)/(-50) + (-2523)/5. Let p = -206 - n. Is p a prime number?
False
Let v = 10028 + 20819. Is v composite?
True
Suppose 5*t + 5*a = 150185, 3*t + 5*a = 30787 + 59328. Is t a prime number?
False
Let a(l) = l**3 - 4*l**2 - 36*l + 37. Let r be a(8). Is 33*r/90*6*1889 composite?
True
Suppose -m + 3517 = 3*q, 4*m - m + 5*q - 10547 = 0. Let f = 6197 - m. Is f composite?
False
Let p(a) be the first derivative of -157*a**2/2 - 3*a - 21. Let v = 14 - 16. Is p(v) composite?
False
Let u = 852777 - 433364. Is u prime?
False
Let f = 192296 - 128025. Is f a composite number?
False
Let s(j) = 14 - 15 + 65*j**2 - 4 + 7*j. Is s(5) prime?
False
Let k(j) be the first derivative of j**3 - j**2 + 3*j - 1. Suppose 0 = l + 5*f - 22, 5*l - 2*l + 4*f = 22. Is k(l) prime?
True
Suppose 16*t - 128 = -16*t. Suppose 7583 - 379 = t*a. Is a composite?
False
Let c be 552/28 + -4 + 150/35. Let l(a) = a**3 - 6*a**2 - 5*a + 13. Is l(c) a composite number?
True
Let x be (1 - 275)/(6/(-2) + 1). Suppose r = 1311 - x. Suppose -u - 6*i = -i - r, 4*u - 4620 = -i. Is u a composite number?
True
Let p = -640 - -1322. Suppose 10*s - p = 8*s. Is s composite?
True
Suppose 2*x - 2*v - 311 + 2097 = 0, v = -4*x - 3567. Suppose 17*c - 1983 = 21*c + w, -2*c - w - 993 = 0. Let n = c - x. Is n a prime number?
True
Let o = 15358 + 4171. Is o composite?
True
Suppose -3*k + 313719 = 86*n - 91*n, 313719 = 3*k + 3*n. Is k prime?
False
Suppose -2*z = -2*m + 182, 0 = -2*m + 3*z - 0*z + 185. Suppose 0 = -4*y - 3*r - 35 - 25, -3*r = 3*y + 48. Is (3/(-2))/(y/m) a prime number?
True
Is (0 - 1028)*(149/(-4) - -24) a composite number?
True
Let t(u) = u**2 - 47*u + 296. Let r be t(7). Let k be ((2 + -3)*-19)/1. Let a = k + r. Is a composite?
True
Let g = 23109 + -16217. Suppose 1606 =